{"id":61,"date":"2010-07-07T18:46:05","date_gmt":"2010-07-07T16:46:05","guid":{"rendered":"http:\/\/xarxaomnia.gencat.cat\/blocs\/realitataugmentada\/?page_id=61"},"modified":"2010-07-12T11:02:03","modified_gmt":"2010-07-12T09:02:03","slug":"que-es-la-realitat-augmentada","status":"publish","type":"page","link":"https:\/\/bloc.xarxa-omnia.org\/realitataugmentada\/que-es-la-realitat-augmentada\/","title":{"rendered":"Qu\u00e8 \u00e9s la realitat augmentada?"},"content":{"rendered":"<p><a href=\"http:\/\/blog.xarxa-omnia.org\/realitataugmentada\/files\/2010\/07\/plantilla_monstreverd.png\"><img loading=\"lazy\" decoding=\"async\" class=\"size-thumbnail wp-image-72 alignleft\" style=\"padding: 10px; float: left;\" title=\"plantilla_monstreverd\" src=\"http:\/\/blog.xarxa-omnia.org\/realitataugmentada\/files\/2010\/07\/plantilla_monstreverd-150x150.png\" alt=\"plantilla RA\" width=\"150\" height=\"150\" srcset=\"https:\/\/bloc.xarxa-omnia.org\/realitataugmentada\/files\/2010\/07\/plantilla_monstreverd-150x150.png 150w, https:\/\/bloc.xarxa-omnia.org\/realitataugmentada\/files\/2010\/07\/plantilla_monstreverd-300x300.png 300w, https:\/\/bloc.xarxa-omnia.org\/realitataugmentada\/files\/2010\/07\/plantilla_monstreverd.png 325w\" sizes=\"auto, (max-width: 150px) 100vw, 150px\" \/><\/a><\/p>\n<h2>La Realitat Augmentada (RA) \u00e9s un concepte que s&#8217;utilitza per definir una visi\u00f3 directa o indirecta del m\u00f3n real\u00a0que incorpora elements virtuals, per recrear una realitat mixta en temps real.<br \/>\nLa RA combina l&#8217;\u00fas d&#8217;un maquinari espec\u00edfic que registra dades de l&#8217;entorn f\u00edsic amb un programari tamb\u00e9 espec\u00edfic.<\/h2>\n<table>\n<tbody>\n<tr>\n<td bgcolor=\"#ACACAC\">\n<h2>Quin tipus de maquinari utilitza?<br \/><span style=\"color: #ffffff;\">Des d&#8217;una simple c\u00e0mera web a auriculars, passant per GPS, giroscopis, acceler\u00f2metres, etc.<\/span><\/h2>\n<\/td>\n<\/tr>\n<\/tbody>\n<\/table>\n<table>\n<tbody>\n<tr>\n<td bgcolor=\"#98c4e4\">\n<h2>Quina \u00e9s la funci\u00f3 del programari?<\/p>\n<p><span style=\"color: #ffffff;\">Aquest programari fusiona i coordina els elements virtuals (imatges 3D, sons, audiovisuals&#8230;) amb l&#8217;entorn f\u00edsic per a oferir una visi\u00f3 mixta i coherent dels elements reals i virtuals.<\/span><\/h2>\n<\/td>\n<\/tr>\n<\/tbody>\n<\/table>\n","protected":false},"excerpt":{"rendered":"<p>La Realitat Augmentada (RA) \u00e9s un concepte que s&#8217;utilitza per definir una visi\u00f3 directa o indirecta del m\u00f3n real\u00a0que incorpora elements virtuals, per recrear una realitat mixta en temps real. La RA combina l&#8217;\u00fas d&#8217;un maquinari espec\u00edfic que registra dades&hellip; <\/p>\n","protected":false},"author":61,"featured_media":0,"parent":0,"menu_order":1,"comment_status":"closed","ping_status":"open","template":"","meta":{"footnotes":""},"class_list":["post-61","page","type-page","status-publish","hentry"],"_links":{"self":[{"href":"https:\/\/bloc.xarxa-omnia.org\/realitataugmentada\/wp-json\/wp\/v2\/pages\/61","targetHints":{"allow":["GET"]}}],"collection":[{"href":"https:\/\/bloc.xarxa-omnia.org\/realitataugmentada\/wp-json\/wp\/v2\/pages"}],"about":[{"href":"https:\/\/bloc.xarxa-omnia.org\/realitataugmentada\/wp-json\/wp\/v2\/types\/page"}],"author":[{"embeddable":true,"href":"https:\/\/bloc.xarxa-omnia.org\/realitataugmentada\/wp-json\/wp\/v2\/users\/61"}],"replies":[{"embeddable":true,"href":"https:\/\/bloc.xarxa-omnia.org\/realitataugmentada\/wp-json\/wp\/v2\/comments?post=61"}],"version-history":[{"count":28,"href":"https:\/\/bloc.xarxa-omnia.org\/realitataugmentada\/wp-json\/wp\/v2\/pages\/61\/revisions"}],"predecessor-version":[{"id":136,"href":"https:\/\/bloc.xarxa-omnia.org\/realitataugmentada\/wp-json\/wp\/v2\/pages\/61\/revisions\/136"}],"wp:attachment":[{"href":"https:\/\/bloc.xarxa-omnia.org\/realitataugmentada\/wp-json\/wp\/v2\/media?parent=61"}],"curies":[{"name":"wp","href":"https:\/\/api.w.org\/{rel}","templated":true}]}}