{"id":19,"date":"2012-02-28T21:15:12","date_gmt":"2012-02-28T19:15:12","guid":{"rendered":"http:\/\/blog.xarxa-omnia.org\/reutilitzacio\/?page_id=19"},"modified":"2013-01-02T10:35:54","modified_gmt":"2013-01-02T08:35:54","slug":"activitat-1","status":"publish","type":"page","link":"https:\/\/bloc.xarxa-omnia.org\/reutilitzacio\/tasca\/activitat-1\/","title":{"rendered":"Activitat 1: Descobrim on van a parar els residus"},"content":{"rendered":"<p><big>Vegeu aquest v\u00eddeo i responeu entre tots tres a les preguntes seg\u00fcents en el <strong>diari de treball<\/strong>:<\/br><br \/>\n<iframe loading=\"lazy\" width=\"560\" height=\"315\" src=\"http:\/\/www.youtube.com\/embed\/o1V-pfXP7iU\" frameborder=\"0\" allowfullscreen><\/iframe><\/br><\/br><\/p>\n<p><strong>a)<\/strong> On van a parar molts dels residus que generen els pa\u00efsos desenvolupats?<\/p>\n<p><strong>b)<\/strong> Segons el v\u00eddeo, quin \u00e9s el significat de la paraula \u201cjugaad\u201d a l&#8217;\u00cdndia?<\/p>\n<p><strong>c)<\/strong> Busqueu el significat d&#8217;aquests conceptes amb l&#8217;ajut de <a href=\"http:\/\/ca.wikipedia.org\/wiki\/Portada\" target=\"_blank\"><em>Viquip\u00e8dia<\/em><\/a>: deixalla i petjada ecol\u00f2gica.<\/big><\/p>\n","protected":false},"excerpt":{"rendered":"<p>Vegeu aquest v\u00eddeo i responeu entre tots tres a les preguntes seg\u00fcents en el diari de treball: a) On van a parar molts dels residus que generen els pa\u00efsos desenvolupats? b) Segons el v\u00eddeo, quin \u00e9s el significat de la paraula \u201cjugaad\u201d a l&#8217;\u00cdndia? c) Busqueu el significat d&#8217;aquests conceptes amb l&#8217;ajut de Viquip\u00e8dia: deixalla [&hellip;]<\/p>\n","protected":false},"author":61,"featured_media":0,"parent":6,"menu_order":4,"comment_status":"closed","ping_status":"open","template":"","meta":{"footnotes":""},"class_list":["post-19","page","type-page","status-publish","hentry"],"_links":{"self":[{"href":"https:\/\/bloc.xarxa-omnia.org\/reutilitzacio\/wp-json\/wp\/v2\/pages\/19","targetHints":{"allow":["GET"]}}],"collection":[{"href":"https:\/\/bloc.xarxa-omnia.org\/reutilitzacio\/wp-json\/wp\/v2\/pages"}],"about":[{"href":"https:\/\/bloc.xarxa-omnia.org\/reutilitzacio\/wp-json\/wp\/v2\/types\/page"}],"author":[{"embeddable":true,"href":"https:\/\/bloc.xarxa-omnia.org\/reutilitzacio\/wp-json\/wp\/v2\/users\/61"}],"replies":[{"embeddable":true,"href":"https:\/\/bloc.xarxa-omnia.org\/reutilitzacio\/wp-json\/wp\/v2\/comments?post=19"}],"version-history":[{"count":29,"href":"https:\/\/bloc.xarxa-omnia.org\/reutilitzacio\/wp-json\/wp\/v2\/pages\/19\/revisions"}],"predecessor-version":[{"id":303,"href":"https:\/\/bloc.xarxa-omnia.org\/reutilitzacio\/wp-json\/wp\/v2\/pages\/19\/revisions\/303"}],"up":[{"embeddable":true,"href":"https:\/\/bloc.xarxa-omnia.org\/reutilitzacio\/wp-json\/wp\/v2\/pages\/6"}],"wp:attachment":[{"href":"https:\/\/bloc.xarxa-omnia.org\/reutilitzacio\/wp-json\/wp\/v2\/media?parent=19"}],"curies":[{"name":"wp","href":"https:\/\/api.w.org\/{rel}","templated":true}]}}