{"id":36,"date":"2012-02-29T20:42:00","date_gmt":"2012-02-29T18:42:00","guid":{"rendered":"http:\/\/blog.xarxa-omnia.org\/reutilitzacio\/?page_id=36"},"modified":"2012-11-15T13:53:33","modified_gmt":"2012-11-15T11:53:33","slug":"activitat-2","status":"publish","type":"page","link":"https:\/\/bloc.xarxa-omnia.org\/reutilitzacio\/tasca\/activitat-2\/","title":{"rendered":"Activitat 2: Posa&#8217;t a prova"},"content":{"rendered":"<p><big>Navegueu plegats per Internet i descobriu una mica m\u00e9s:<\/big><\/p>\n<p><big><strong><a href=\"http:\/\/blog.xarxa-omnia.org\/reutilitzacio\/files\/2012\/02\/logo_setmana_europea_residus.png\"><img decoding=\"async\" class=\"alignleft size-full wp-image-241\" style=\"margin: 0px 17px;\" title=\"logo_setmana_europea_residus\" src=\"http:\/\/blog.xarxa-omnia.org\/reutilitzacio\/files\/2012\/02\/logo_setmana_europea_residus.png\" alt=\"Logotip de la Setmana Europea de la Reducci\u00f3 de Residus\" width=\"50\"  align=\"left\" \/><\/a><\/strong><\/big><big><strong>a)<\/strong> Accediu al bloc de la <em><a href=\"http:\/\/www.ewwr.eu\/ca\/la-setmana\">Setmana Europea de la Prevenci\u00f3 de Residus<\/a><\/em>, un cop dins l&#8217;apartat multim\u00e8dia podreu accedir a la proposta: &#8220;Poseu a prova els vostres coneixements&#8221;<\/big><\/p>\n<p><big>Anoteu en el diari de treball els resultats obtinguts.<\/p>\n<p><\/big><\/p>\n<p><big><strong><a href=\"http:\/\/blog.xarxa-omnia.org\/reutilitzacio\/files\/2012\/02\/Capturafamilia_tiralotodo.png\"><img decoding=\"async\" class=\"alignleft size-full wp-image-242\" style=\"margin: 5px;\" title=\"Captura:familia_tiralotodo\" src=\"http:\/\/blog.xarxa-omnia.org\/reutilitzacio\/files\/2012\/02\/Capturafamilia_tiralotodo.png\" alt=\"Captura del joc\" width=\"75\" align=\"left\" \/><\/a>b)<\/strong> Jugueu a &#8220;<a title=\"Joc en flash sobre residus\" href=\"http:\/\/www.operationpoubellesvides.com\/es\/node\/215\">Missi\u00f3 possible reduir els residus!<\/a>&#8221; (en castell\u00e0), on, amb nom\u00e9s 7 preguntes, se&#8217;ns donen molts bons consells per reaprofitar certs objectes.<\/p>\n<p>Anoteu en el diari de treball els resultats obtinguts.<\/p>\n<p><a href=\"http:\/\/blog.xarxa-omnia.org\/reutilitzacio\/files\/2012\/02\/esriso.png\"><img decoding=\"async\" class=\"alignleft size-full wp-image-236\" style=\"margin: 5px;\" title=\"Eri\u00e7\u00f3 fet amb cables\" src=\"http:\/\/blog.xarxa-omnia.org\/reutilitzacio\/files\/2012\/02\/esriso.png\" alt=\"Eri\u00e7\u00f3 fet amb cables\" width=\"75\" align=\"left\" \/><\/a><strong> <\/strong><\/p>\n<p><strong>c)<\/strong> En aquest bloc,<em> <a href=\"http:\/\/elmundodelreciclaje.blogspot.com\/\" target=\"_blank\">el mundo del reciclaje<\/a><\/em>, trobareu propostes sorprenents per utilitzar tot all\u00f2 que llencem al contenidor.<\/p>\n<p><\/big><\/p>\n<p><big><\/big><\/p>\n<p><big><\/big><\/p>\n<p><big>Feu una\u00a0visita atenta i en el diari de treball <strong>anoteu tres propostes<\/strong> d&#8217;aquest bloc per donar un nou \u00fas a determinats aparells inform\u00e0tics.<\/big><\/p>\n","protected":false},"excerpt":{"rendered":"<p>Navegueu plegats per Internet i descobriu una mica m\u00e9s: a) Accediu al bloc de la Setmana Europea de la Prevenci\u00f3 de Residus, un cop dins l&#8217;apartat multim\u00e8dia podreu accedir a la proposta: &#8220;Poseu a prova els vostres coneixements&#8221; Anoteu en el diari de treball els resultats obtinguts. b) Jugueu a &#8220;Missi\u00f3 possible reduir els residus!&#8221; [&hellip;]<\/p>\n","protected":false},"author":61,"featured_media":0,"parent":6,"menu_order":5,"comment_status":"closed","ping_status":"open","template":"","meta":{"footnotes":""},"class_list":["post-36","page","type-page","status-publish","hentry"],"_links":{"self":[{"href":"https:\/\/bloc.xarxa-omnia.org\/reutilitzacio\/wp-json\/wp\/v2\/pages\/36","targetHints":{"allow":["GET"]}}],"collection":[{"href":"https:\/\/bloc.xarxa-omnia.org\/reutilitzacio\/wp-json\/wp\/v2\/pages"}],"about":[{"href":"https:\/\/bloc.xarxa-omnia.org\/reutilitzacio\/wp-json\/wp\/v2\/types\/page"}],"author":[{"embeddable":true,"href":"https:\/\/bloc.xarxa-omnia.org\/reutilitzacio\/wp-json\/wp\/v2\/users\/61"}],"replies":[{"embeddable":true,"href":"https:\/\/bloc.xarxa-omnia.org\/reutilitzacio\/wp-json\/wp\/v2\/comments?post=36"}],"version-history":[{"count":26,"href":"https:\/\/bloc.xarxa-omnia.org\/reutilitzacio\/wp-json\/wp\/v2\/pages\/36\/revisions"}],"predecessor-version":[{"id":297,"href":"https:\/\/bloc.xarxa-omnia.org\/reutilitzacio\/wp-json\/wp\/v2\/pages\/36\/revisions\/297"}],"up":[{"embeddable":true,"href":"https:\/\/bloc.xarxa-omnia.org\/reutilitzacio\/wp-json\/wp\/v2\/pages\/6"}],"wp:attachment":[{"href":"https:\/\/bloc.xarxa-omnia.org\/reutilitzacio\/wp-json\/wp\/v2\/media?parent=36"}],"curies":[{"name":"wp","href":"https:\/\/api.w.org\/{rel}","templated":true}]}}