{"id":969,"date":"2015-07-27T10:53:19","date_gmt":"2015-07-27T08:53:19","guid":{"rendered":"http:\/\/xarxaomnia.gencat.cat\/blocs\/rierabonet\/?page_id=969"},"modified":"2016-07-26T12:45:24","modified_gmt":"2016-07-26T10:45:24","slug":"activitats-del-punt-omnia","status":"publish","type":"page","link":"https:\/\/bloc.xarxa-omnia.org\/rierabonet\/activitats-del-punt-omnia\/","title":{"rendered":"Activitats del punt \u00d2mnia"},"content":{"rendered":"<p>INSCRIPCIONS PER A LES ACTIVITATS DEL PUNT \u00d2MNIA SETEMBRE &#8211; DESEMBRE 2016:<br \/>\n<strong>Recollida de n\u00famero:<\/strong> del 15 al 29 de juliol i de l&#8217;1 al 6 de setembre (ambd\u00f3s inclosos) (de 10 a 13 h i de 15.30 a 21 h)<br \/>\n<strong>Sorteig del n\u00famero inicial:<\/strong> 7 de setembre a les 12 h<br \/>\n<strong>Inscripcions a les activitats \u00d2mnia:<\/strong> 8 de setembre a les 16 h<br \/>\n<strong>Inici tallers \u00d2mnia:<\/strong> 21 de setembre<strong> Fi dels tallers \u00d2mnia:<\/strong> 16 de desembre<\/p>\n<p><a href=\"http:\/\/xarxaomnia.gencat.cat\/blocs\/rierabonet\/activitats-del-punt-omnia\/triptic-po-riera-bonet-set-des-2016\/\" rel=\"attachment wp-att-1226\">TR\u00cdPTIC PO Riera Bonet set &#8211; des 2016<\/a><\/p>\n<p><a href=\"http:\/\/xarxaomnia.gencat.cat\/blocs\/rierabonet\/activitats-del-punt-omnia\/horari-po-riera-bonet-set-des-2016\/\" rel=\"attachment wp-att-1225\"><img loading=\"lazy\" decoding=\"async\" class=\"aligncenter size-full wp-image-1225\" src=\"http:\/\/xarxaomnia.gencat.cat\/blocs\/rierabonet\/files\/2015\/07\/Horari-PO-Riera-Bonet-set-des-2016.png\" alt=\"Horari PO Riera Bonet set des 2016\" width=\"1122\" height=\"793\" srcset=\"https:\/\/bloc.xarxa-omnia.org\/rierabonet\/files\/2015\/07\/Horari-PO-Riera-Bonet-set-des-2016.png 1122w, https:\/\/bloc.xarxa-omnia.org\/rierabonet\/files\/2015\/07\/Horari-PO-Riera-Bonet-set-des-2016-150x106.png 150w, https:\/\/bloc.xarxa-omnia.org\/rierabonet\/files\/2015\/07\/Horari-PO-Riera-Bonet-set-des-2016-768x543.png 768w, https:\/\/bloc.xarxa-omnia.org\/rierabonet\/files\/2015\/07\/Horari-PO-Riera-Bonet-set-des-2016-624x441.png 624w\" sizes=\"auto, (max-width: 1122px) 100vw, 1122px\" \/><\/a><\/p>\n","protected":false},"excerpt":{"rendered":"<p>INSCRIPCIONS PER A LES ACTIVITATS DEL PUNT \u00d2MNIA SETEMBRE &#8211; DESEMBRE 2016: Recollida de n\u00famero: del 15 al 29 de juliol i de l&#8217;1 al 6 de setembre (ambd\u00f3s inclosos) (de 10 a 13 h i de 15.30 a 21 h) Sorteig del n\u00famero inicial: 7 de setembre a les &#8230;<\/p>\n","protected":false},"author":157,"featured_media":0,"parent":0,"menu_order":0,"comment_status":"closed","ping_status":"closed","template":"","meta":{"_s2mail":"","footnotes":""},"class_list":["post-969","page","type-page","status-publish","hentry","column","twocol"],"_links":{"self":[{"href":"https:\/\/bloc.xarxa-omnia.org\/rierabonet\/wp-json\/wp\/v2\/pages\/969","targetHints":{"allow":["GET"]}}],"collection":[{"href":"https:\/\/bloc.xarxa-omnia.org\/rierabonet\/wp-json\/wp\/v2\/pages"}],"about":[{"href":"https:\/\/bloc.xarxa-omnia.org\/rierabonet\/wp-json\/wp\/v2\/types\/page"}],"author":[{"embeddable":true,"href":"https:\/\/bloc.xarxa-omnia.org\/rierabonet\/wp-json\/wp\/v2\/users\/157"}],"replies":[{"embeddable":true,"href":"https:\/\/bloc.xarxa-omnia.org\/rierabonet\/wp-json\/wp\/v2\/comments?post=969"}],"version-history":[{"count":14,"href":"https:\/\/bloc.xarxa-omnia.org\/rierabonet\/wp-json\/wp\/v2\/pages\/969\/revisions"}],"predecessor-version":[{"id":1229,"href":"https:\/\/bloc.xarxa-omnia.org\/rierabonet\/wp-json\/wp\/v2\/pages\/969\/revisions\/1229"}],"wp:attachment":[{"href":"https:\/\/bloc.xarxa-omnia.org\/rierabonet\/wp-json\/wp\/v2\/media?parent=969"}],"curies":[{"name":"wp","href":"https:\/\/api.w.org\/{rel}","templated":true}]}}