{"id":9370,"date":"2014-02-06T16:53:53","date_gmt":"2014-02-06T15:53:53","guid":{"rendered":"http:\/\/santroc.xarxa-omnia.org\/?page_id=9370"},"modified":"2014-02-06T16:53:53","modified_gmt":"2014-02-06T15:53:53","slug":"centre-formacio-adults-sant-roc","status":"publish","type":"page","link":"https:\/\/bloc.xarxa-omnia.org\/santroc\/entitats\/centre-formacio-adults-sant-roc\/","title":{"rendered":"Centre Formaci\u00f3 Adults Sant Roc (Escola)"},"content":{"rendered":"<p>El Centre de Formaci\u00f3 de Persones Adultes de Sant Roc ofereix :<\/p>\n<p>&#8211; Nivell instrumental I (Alfabetitzaci\u00f3)<\/p>\n<p>&#8211; Nivell instrumental II (Neolectors)<\/p>\n<p>&#8211; Nivell instrumental III (Certificats)<\/p>\n<p>&#8211; GES Graduat en Educaci\u00f3 Secund\u00e0ria \u00a0obligat\u00f2ria a dist\u00e0ncia (Punt de Suport)<\/p>\n<p>&#8211; Preparaci\u00f3 per a la prova d&#8217;acc\u00e9s a cicles formatius de grau mitj\u00e0<\/p>\n<p>&#8211; Preparaci\u00f3 per a la prova d&#8217;acc\u00e9s a cicles formatius de grau superior<\/p>\n<p>&#8211; Ensenyaments inicials i b\u00e0sics:<\/p>\n<blockquote><p>&gt; \u00c0ngl\u00e9s inicial<br \/>\n&gt; Catal\u00e0 inicial<br \/>\n&gt; Castell\u00e0 inicial<br \/>\n&gt; Inform\u00e0tica inicial\n<\/p><\/blockquote>\n<p>&#8211; Competencies per a la societat de la informaci\u00f3:<\/p>\n<blockquote><p>&gt; Inform\u00e0tica nivell funcional<br \/>\n&gt; \u00c0ngl\u00e9s nivell funcional\n<\/p><\/blockquote>\n<p>Horari: Mat\u00ed, tarda, vespre<br \/>\nAdre\u00e7a: Av. del Maresme, 182-190. 08918 Badalona<br \/>\nTel. 93 460 39 96<\/p>\n","protected":false},"excerpt":{"rendered":"<p>El Centre de Formaci\u00f3 de Persones Adultes de Sant Roc ofereix : &#8211; Nivell instrumental I (Alfabetitzaci\u00f3) &#8211; Nivell instrumental II (Neolectors) &#8211; Nivell instrumental III (Certificats) &#8211; GES Graduat en Educaci\u00f3 Secund\u00e0ria \u00a0obligat\u00f2ria a dist\u00e0ncia (Punt de Suport) &#8211; Preparaci\u00f3 per a la prova d&#8217;acc\u00e9s a cicles formatius de grau mitj\u00e0 &#8211; Preparaci\u00f3 per &#8230; <span class=\"more\"><a class=\"more-link\" href=\"https:\/\/bloc.xarxa-omnia.org\/santroc\/entitats\/centre-formacio-adults-sant-roc\/\">[Read more&#8230;]<\/a><\/span><\/p>\n","protected":false},"author":208,"featured_media":0,"parent":99,"menu_order":3,"comment_status":"open","ping_status":"open","template":"","meta":{"footnotes":""},"class_list":["entry","page","publish","author-pascalcj","post-9370"],"_links":{"self":[{"href":"https:\/\/bloc.xarxa-omnia.org\/santroc\/wp-json\/wp\/v2\/pages\/9370","targetHints":{"allow":["GET"]}}],"collection":[{"href":"https:\/\/bloc.xarxa-omnia.org\/santroc\/wp-json\/wp\/v2\/pages"}],"about":[{"href":"https:\/\/bloc.xarxa-omnia.org\/santroc\/wp-json\/wp\/v2\/types\/page"}],"author":[{"embeddable":true,"href":"https:\/\/bloc.xarxa-omnia.org\/santroc\/wp-json\/wp\/v2\/users\/208"}],"replies":[{"embeddable":true,"href":"https:\/\/bloc.xarxa-omnia.org\/santroc\/wp-json\/wp\/v2\/comments?post=9370"}],"version-history":[{"count":0,"href":"https:\/\/bloc.xarxa-omnia.org\/santroc\/wp-json\/wp\/v2\/pages\/9370\/revisions"}],"up":[{"embeddable":true,"href":"https:\/\/bloc.xarxa-omnia.org\/santroc\/wp-json\/wp\/v2\/pages\/99"}],"wp:attachment":[{"href":"https:\/\/bloc.xarxa-omnia.org\/santroc\/wp-json\/wp\/v2\/media?parent=9370"}],"curies":[{"name":"wp","href":"https:\/\/api.w.org\/{rel}","templated":true}]}}