{"id":2105,"date":"2017-09-21T10:14:32","date_gmt":"2017-09-21T08:14:32","guid":{"rendered":"http:\/\/xarxaomnia.gencat.cat\/blocs\/santvicendelshorts\/?page_id=2105"},"modified":"2017-09-28T13:48:45","modified_gmt":"2017-09-28T11:48:45","slug":"tic-i-creativitat","status":"publish","type":"page","link":"https:\/\/bloc.xarxa-omnia.org\/santvicendelshorts\/tic-i-creativitat\/","title":{"rendered":"TIC i creativitat"},"content":{"rendered":"<p>Una de les qualitats del Punt \u00d2mnia de Sant Vicen\u00e7 dels Horts \u00e9s sens dubte la posada en marxa de tallers i activitats basats en el foment i la potenciaci\u00f3 de la\u00a0creativitat de les persones usu\u00e0ries. A trav\u00e9s de recursos TIC i amb l&#8217;expressi\u00f3 art\u00edstica com a pal de paller de les activitats programades, ja fa diversos anys que el Punt \u00d2mnia usa les TIC com a mitj\u00e0 d\u2019expressi\u00f3 musical, pict\u00f2rica, teatral i d&#8217;altres\u00a0tipus d&#8217;arts.<\/p>\n<p>A trav\u00e9s de la narrativa de breus contes per a a<a href=\"http:\/\/xarxaomnia.gencat.cat\/blocs\/santvicendelshorts\/files\/2016\/12\/iris2.jpg\" rel=\"attachment wp-att-1000\"><img loading=\"lazy\" decoding=\"async\" class=\"size-full wp-image-1807 alignleft\" src=\"http:\/\/xarxaomnia.gencat.cat\/blocs\/santvicendelshorts\/files\/2016\/12\/iris2.jpg\" alt=\"iris2\" width=\"480\" height=\"540\" \/><\/a>dults el Punt \u00d2mnia de Sant Vicen\u00e7 dels Horts fomenta el di\u00e0leg, la interrelaci\u00f3 i vincle entre dones amb el taller\u00a0\u201cPinterest creant manualitats\u201d. En aquesta activitat, dirigida principalment a dones, el Punt mostra com crear unes boles de decoraci\u00f3 nadalenques ben xules amb globus i fil reciclat. I amb\u00a0molt bons resultats!!<\/p>\n<p>Sent-ne alhora i entre d\u2019altres, una bona mostra de com dins l\u2019\u00e0mbit social, fomentant un bon companyerisme, acompanyat de respecte i creativitat, a partir de les tics, \u00a0i d\u2019aquesta manera, unides, creatives \u00a0i rient creiem que n\u2019\u00e9s una bona manera de fer-ho, treballant amb les Dones de SantVicen\u00e7 dels Horts.<\/p>\n<p>Per altra banda, el Punt \u00d2mnia tamb\u00e9 fomenta la creativitat amb tallers i activitats basats en recursos TIC i<\/p>\n<!-- AddThis Advanced Settings generic via filter on the_content --><!-- AddThis Share Buttons generic via filter on the_content -->","protected":false},"excerpt":{"rendered":"<p>Una de les qualitats del Punt \u00d2mnia de Sant Vicen\u00e7 dels Horts \u00e9s sens dubte la posada en marxa de tallers i activitats basats en el foment i la potenciaci\u00f3 de la\u00a0creativitat de les persones usu\u00e0ries. A trav\u00e9s de recursos TIC i amb l&#8217;expressi\u00f3 art\u00edstica com a pal de paller de les activitats programades, ja [&hellip;]<!-- AddThis Advanced Settings generic via filter on get_the_excerpt --><!-- AddThis Share Buttons generic via filter on get_the_excerpt --><\/p>\n","protected":false},"author":1,"featured_media":2168,"parent":0,"menu_order":0,"comment_status":"closed","ping_status":"closed","template":"","meta":{"ngg_post_thumbnail":0,"footnotes":""},"class_list":["post-2105","page","type-page","status-publish","has-post-thumbnail","czr-hentry"],"_links":{"self":[{"href":"https:\/\/bloc.xarxa-omnia.org\/santvicendelshorts\/wp-json\/wp\/v2\/pages\/2105","targetHints":{"allow":["GET"]}}],"collection":[{"href":"https:\/\/bloc.xarxa-omnia.org\/santvicendelshorts\/wp-json\/wp\/v2\/pages"}],"about":[{"href":"https:\/\/bloc.xarxa-omnia.org\/santvicendelshorts\/wp-json\/wp\/v2\/types\/page"}],"author":[{"embeddable":true,"href":"https:\/\/bloc.xarxa-omnia.org\/santvicendelshorts\/wp-json\/wp\/v2\/users\/1"}],"replies":[{"embeddable":true,"href":"https:\/\/bloc.xarxa-omnia.org\/santvicendelshorts\/wp-json\/wp\/v2\/comments?post=2105"}],"version-history":[{"count":7,"href":"https:\/\/bloc.xarxa-omnia.org\/santvicendelshorts\/wp-json\/wp\/v2\/pages\/2105\/revisions"}],"predecessor-version":[{"id":2217,"href":"https:\/\/bloc.xarxa-omnia.org\/santvicendelshorts\/wp-json\/wp\/v2\/pages\/2105\/revisions\/2217"}],"wp:featuredmedia":[{"embeddable":true,"href":"https:\/\/bloc.xarxa-omnia.org\/santvicendelshorts\/wp-json\/wp\/v2\/media\/2168"}],"wp:attachment":[{"href":"https:\/\/bloc.xarxa-omnia.org\/santvicendelshorts\/wp-json\/wp\/v2\/media?parent=2105"}],"curies":[{"name":"wp","href":"https:\/\/api.w.org\/{rel}","templated":true}]}}