{"id":2117,"date":"2017-09-21T11:24:33","date_gmt":"2017-09-21T09:24:33","guid":{"rendered":"http:\/\/xarxaomnia.gencat.cat\/blocs\/santvicendelshorts\/?page_id=2117"},"modified":"2017-09-27T12:30:12","modified_gmt":"2017-09-27T10:30:12","slug":"pagina-principal","status":"publish","type":"page","link":"https:\/\/bloc.xarxa-omnia.org\/santvicendelshorts\/","title":{"rendered":"P\u00e0gina principal"},"content":{"rendered":"<p style=\"text-align: center;\">El Punt \u00d2mnia de Sant Vicen\u00e7 dels Horts &#8211; Sant Josep, adscrit a la Direcci\u00f3 General d&#8217;Acci\u00f3 C\u00edvica i Comunit\u00e0ria (DGACC) de la Generalitat de Catalunya, es va inaugurar l&#8217;any 2006 i des de llavors ha acollit participants de totes les edats per a acostar-los a les noves tecnologies de la informaci\u00f3 i la comunicaci\u00f3 (TIC). El Punt \u00d2mnia \u00e9s un espai obert a tothom, joves, grans, infants i entitats, i on hi pot participar tothom en diferents activitats: tallers, confer\u00e8ncies, exposicions, etc.<\/p>\n<p style=\"text-align: center;\">El Punt \u00d2mnia de Sant Vicen\u00e7 dels Horts &#8211; Sant Josep \u00e9s sobretot un punt de trobada, un lloc on les persones participants poden relacionar-se i intercanviar punts de vista, opinions, aficioins i experi\u00e8ncies&#8230; i formar part, aix\u00ed, d&#8217;un projecte col\u00b7lectiu. El Punt \u00d2mnia forma part de la\u00a0<strong><a href=\"http:\/\/xarxaomnia.gencat.cat\/\" target=\"_blank\">Xarxa \u00d2mnia<\/a><\/strong>, un projecte social d\u2019acc\u00e9s a les tecnologies de la informaci\u00f3 i la comunicaci\u00f3 (TIC), i que busca millorar la comunitat, fomentar el desenvolupament integral de la persona, promoure valors c\u00edvics i donar suport al teixit associatiu de Sant Vicen\u00e7 dels Horts.<\/p>\n<p style=\"text-align: center;\">La Xarxa \u00d2mnia s\u2019inicia com a projecte l\u2019any 1999 d\u2019una iniciativa conjunta entre el Departament de Benestar i Fam\u00edlia i el Departament d\u2019Universitats Recerca i Societat de la Informaci\u00f3 de la Generalitat de Catalunya.\u00a0En l\u2019actualitat, el Projecte \u00d2mnia est\u00e0 promogut per la\u00a0Direcci\u00f3 General d\u2019Acci\u00f3 C\u00edvica i Comunit\u00e0ria (DGACC) del Departament de Treball, Afers Socials i Fam\u00edlies.<\/p>\n<p><\/p>\n<div align=\"center\"><\/div>\n<div align=\"center\"><\/div>\n<div align=\"center\"><iframe loading=\"lazy\" src=\"https:\/\/www.youtube.com\/embed\/UN7JYU4hpIU\" width=\"1000\" height=\"480\" frameborder=\"0\" allowfullscreen=\"allowfullscreen\"><\/iframe><\/div>\n<div align=\"center\"><\/div>\n<p><\/p>\n<div align=\"center\"><\/div>\n<div align=\"center\"><\/div>\n<div align=\"center\"><\/div>\n<div align=\"center\">Des de la Xarxa \u00d2mnia es treballa d&#8217;acord amb tres eixos: l&#8217;eix aprenentatge, que vol garantir que totes les persones amb pocs coneixements digitals obtinguin informaci\u00f3 b\u00e0sica en el camp de les tecnologies de la informaci\u00f3 i la comunicaci\u00f3 (TIC); l&#8217;eix ocupabilitat, que ofereix eines formatives inform\u00e0tiques perqu\u00e8 els participants s\u00e0piguen buscar recursos a la xarxa i es puguin valer per ells mateixos; i l&#8217;eix acci\u00f3 comunit\u00e0ria, que consisteix a facilitar eines per tal que les persones entitats, grups i col\u00b7lectius generin din\u00e0miques de cohesi\u00f3 social i d&#8217;intercanvi.<\/div>\n<p><\/p>\n<div align=\"center\"><\/div>\n<div align=\"center\">Des del Punt \u00d2mnia de Sant Vicen\u00e7 dels Horts s&#8217;ofereix una variada gamma de tallers i activitats distribuits en quatre blocs principals segons les persones participants a qui van destinats: a infants de 6 a 12 anys, a adults a partir de 18 anys, a totes les persones que vulguin tenir acc\u00e9s lliure a un ordinador, i a aquelles entitats que vulguin disposar d&#8217;un espai i d&#8217;unes eines TIC per a accions concretes. Podeu<a href=\"http:\/\/xarxaomnia.gencat.cat\/blocs\/santvicendelshorts\/programacio-formativa\/\">\u00a0consultar en aquest enlla\u00e7 tota la programaci\u00f3 formativa d&#8217;activitats i tallers que ofereix el Punt \u00d2mnia de Sant Vicen\u00e7 dels Horts &#8211; Sant Josep.<\/a><\/div>\n<!-- AddThis Advanced Settings generic via filter on the_content --><!-- AddThis Share Buttons generic via filter on the_content -->","protected":false},"excerpt":{"rendered":"<p>El Punt \u00d2mnia de Sant Vicen\u00e7 dels Horts &#8211; Sant Josep, adscrit a la Direcci\u00f3 General d&#8217;Acci\u00f3 C\u00edvica i Comunit\u00e0ria (DGACC) de la Generalitat de Catalunya, es va inaugurar l&#8217;any 2006 i des de llavors ha acollit participants de totes les edats per a acostar-los a les noves tecnologies de la informaci\u00f3 i la comunicaci\u00f3 [&hellip;]<!-- AddThis Advanced Settings generic via filter on get_the_excerpt --><!-- AddThis Share Buttons generic via filter on get_the_excerpt --><\/p>\n","protected":false},"author":1,"featured_media":0,"parent":0,"menu_order":0,"comment_status":"closed","ping_status":"closed","template":"","meta":{"ngg_post_thumbnail":0,"footnotes":""},"class_list":["post-2117","page","type-page","status-publish","czr-hentry"],"_links":{"self":[{"href":"https:\/\/bloc.xarxa-omnia.org\/santvicendelshorts\/wp-json\/wp\/v2\/pages\/2117","targetHints":{"allow":["GET"]}}],"collection":[{"href":"https:\/\/bloc.xarxa-omnia.org\/santvicendelshorts\/wp-json\/wp\/v2\/pages"}],"about":[{"href":"https:\/\/bloc.xarxa-omnia.org\/santvicendelshorts\/wp-json\/wp\/v2\/types\/page"}],"author":[{"embeddable":true,"href":"https:\/\/bloc.xarxa-omnia.org\/santvicendelshorts\/wp-json\/wp\/v2\/users\/1"}],"replies":[{"embeddable":true,"href":"https:\/\/bloc.xarxa-omnia.org\/santvicendelshorts\/wp-json\/wp\/v2\/comments?post=2117"}],"version-history":[{"count":22,"href":"https:\/\/bloc.xarxa-omnia.org\/santvicendelshorts\/wp-json\/wp\/v2\/pages\/2117\/revisions"}],"predecessor-version":[{"id":2199,"href":"https:\/\/bloc.xarxa-omnia.org\/santvicendelshorts\/wp-json\/wp\/v2\/pages\/2117\/revisions\/2199"}],"wp:attachment":[{"href":"https:\/\/bloc.xarxa-omnia.org\/santvicendelshorts\/wp-json\/wp\/v2\/media?parent=2117"}],"curies":[{"name":"wp","href":"https:\/\/api.w.org\/{rel}","templated":true}]}}