{"id":2155,"date":"2017-09-21T14:16:47","date_gmt":"2017-09-21T12:16:47","guid":{"rendered":"http:\/\/xarxaomnia.gencat.cat\/blocs\/santvicendelshorts\/?page_id=2155"},"modified":"2017-09-29T12:17:07","modified_gmt":"2017-09-29T10:17:07","slug":"informacio-general","status":"publish","type":"page","link":"https:\/\/bloc.xarxa-omnia.org\/santvicendelshorts\/informacio-general\/","title":{"rendered":"Informaci\u00f3 general"},"content":{"rendered":"<p>La <a href=\"http:\/\/xarxaomnia.gencat.cat\" target=\"_blank\">Xarxa \u00d2mnia<\/a>, de la Direcci\u00f3 General d\u2019Acci\u00f3 C\u00edvica i Comunit\u00e0ria, \u00e9s un programa preventiu, socioeducatiu, comunitari i de suport a col\u00b7lectius amb major risc de vulnerabilitat. L&#8217;\u00d2mnia, de la Generalitat de Catalunya, \u00e9s universal i usa\u00a0com a instrument les eines TIC per a millorar i afavorir, tant individual com col\u00b7lectivament, la inclusi\u00f3 i la vinculaci\u00f3 de les persones a la comunitat.<\/p>\n<p>Va adre\u00e7at a la poblaci\u00f3 general, per\u00f2 amb discriminaci\u00f3 positiva vers les persones en risc social i m\u00e9s si precisen millorar les seves capacitats per a superar les seves di<a href=\"http:\/\/xarxaomnia.gencat.cat\/blocs\/santvicendelshorts\/files\/2017\/09\/03_santacolomacervello_blau.png\" rel=\"attachment wp-att-2183\"><img loading=\"lazy\" decoding=\"async\" class=\"size-medium wp-image-2183 alignleft\" src=\"http:\/\/xarxaomnia.gencat.cat\/blocs\/santvicendelshorts\/files\/2017\/09\/03_santacolomacervello_blau-300x225.png\" alt=\"03_santacolomacervello_blau\" width=\"300\" height=\"225\" \/><\/a>ficultats d\u2019acc\u00e9s a les tecnologies d\u2019informaci\u00f3, per tal d\u2019evitar la seva exclusi\u00f3 de la comunitat, posant especial \u00e8mfasi en les persones en situaci\u00f3 d\u2019atur, infants i joves, gent gran i fam\u00edlies.<\/p>\n<p>\u00d2mnia ofereix espais i equipaments d\u2019utilitzaci\u00f3 p\u00fablica i compta amb el suport d\u2019un professional, que dinamitza l\u2019espai i assessora les persones usu\u00e0ries del Punt. El paper del dinamitzador\/a \u00e9s fonamental per desenvolupar el programa a cada territori i aconseguir que cada \u00d2mnia sigui un espai d\u2019acolliment, d\u2019informaci\u00f3, d\u2019aprenentatge, de socialitzaci\u00f3 i de participaci\u00f3 en la comunitat.<\/p>\n<p>Per aconseguir els objectius plantejats, la Direcci\u00f3 General d\u2019Acci\u00f3 C\u00edvica i Comunit\u00e0ria potencia tres eixos de treball: Aprenentatge, Inserci\u00f3 Social i \u00das Comunitari.<\/p>\n<p style=\"text-align: left;\">\u00b7\u00a0<strong>Aprenentatge.<\/strong>Vol garantir que totes les persones amb pocs coneixements digitals obtinguin una formaci\u00f3 b\u00e0sica en el camp de les tecnologies de la informaci\u00f3 i comunicaci\u00f3 que els permeti no quedar excloses de la societat. Es desenvolupen tallers monogr\u00e0fics de curta durada que consisteixen en uns itineraris formatius adequats als coneixements dels alumnes destinataris.<a href=\"http:\/\/xarxaomnia.gencat.cat\/blocs\/santvicendelshorts\/files\/2017\/09\/02_tortosa_violeta_v2.png\" rel=\"attachment wp-att-2184\"><img loading=\"lazy\" decoding=\"async\" class=\"size-medium wp-image-2184 alignright\" src=\"http:\/\/xarxaomnia.gencat.cat\/blocs\/santvicendelshorts\/files\/2017\/09\/02_tortosa_violeta_v2-300x225.png\" alt=\"02_tortosa_violeta_v2\" width=\"300\" height=\"225\" \/><\/a><\/p>\n<p>\u00b7\u00a0<strong>Ocupabilitat.<\/strong>Potencia la integraci\u00f3 de les persones en risc d\u2019exclusi\u00f3 social. D\u2019una banda, els ofereix eines formatives inform\u00e0tiques perqu\u00e8 s\u00e0piguen buscar recursos a la xarxa i es puguin valer per elles mateixes en el seu proc\u00e9s d\u2019inserci\u00f3. D\u2019altra banda, pel que fa a les persones en situaci\u00f3 d\u2019atur, les posa en contacte amb els serveis d\u2019orientaci\u00f3 social del territori i els facilita un conjunt d&#8217;h\u00e0bits i compet\u00e8ncies perqu\u00e8 arribin als agents d&#8217;inserci\u00f3 social amb la m\u00e0xima preparaci\u00f3 per tornar al mercat laboral al m\u00e9s aviat possible. L\u2019eix d\u2019ocupabilitat est\u00e0 refor\u00e7at amb un programa conjunt amb Servei d\u2019Ocupaci\u00f3 de Catalunya on s\u2019ofereix formaci\u00f3 espec\u00edfica en iniciaci\u00f3 en inform\u00e0tica per a la cerca de feina.<\/p>\n<p>\u00b7\u00a0<strong>Acci\u00f3 comunit\u00e0ria.<\/strong>Consisteix a facilitar el lliure acc\u00e9s a persones, entitats, grups i col\u00b7lectius al Punt \u00d2mnia perqu\u00e8 es generin din\u00e0miques de cohesi\u00f3 social i d\u2019intercanvi dins dels territoris. Es potencia el treball en xarxa virtual entre tots els agents del territori, aix\u00ed com les xarxes personals dels usuaris.<\/p>\n<!-- AddThis Advanced Settings generic via filter on the_content --><!-- AddThis Share Buttons generic via filter on the_content -->","protected":false},"excerpt":{"rendered":"<p>La Xarxa \u00d2mnia, de la Direcci\u00f3 General d\u2019Acci\u00f3 C\u00edvica i Comunit\u00e0ria, \u00e9s un programa preventiu, socioeducatiu, comunitari i de suport a col\u00b7lectius amb major risc de vulnerabilitat. L&#8217;\u00d2mnia, de la Generalitat de Catalunya, \u00e9s universal i usa\u00a0com a instrument les eines TIC per a millorar i afavorir, tant individual com col\u00b7lectivament, la inclusi\u00f3 i la [&hellip;]<!-- AddThis Advanced Settings generic via filter on get_the_excerpt --><!-- AddThis Share Buttons generic via filter on get_the_excerpt --><\/p>\n","protected":false},"author":1,"featured_media":0,"parent":0,"menu_order":0,"comment_status":"closed","ping_status":"closed","template":"","meta":{"ngg_post_thumbnail":0,"footnotes":""},"class_list":["post-2155","page","type-page","status-publish","czr-hentry"],"_links":{"self":[{"href":"https:\/\/bloc.xarxa-omnia.org\/santvicendelshorts\/wp-json\/wp\/v2\/pages\/2155","targetHints":{"allow":["GET"]}}],"collection":[{"href":"https:\/\/bloc.xarxa-omnia.org\/santvicendelshorts\/wp-json\/wp\/v2\/pages"}],"about":[{"href":"https:\/\/bloc.xarxa-omnia.org\/santvicendelshorts\/wp-json\/wp\/v2\/types\/page"}],"author":[{"embeddable":true,"href":"https:\/\/bloc.xarxa-omnia.org\/santvicendelshorts\/wp-json\/wp\/v2\/users\/1"}],"replies":[{"embeddable":true,"href":"https:\/\/bloc.xarxa-omnia.org\/santvicendelshorts\/wp-json\/wp\/v2\/comments?post=2155"}],"version-history":[{"count":7,"href":"https:\/\/bloc.xarxa-omnia.org\/santvicendelshorts\/wp-json\/wp\/v2\/pages\/2155\/revisions"}],"predecessor-version":[{"id":2236,"href":"https:\/\/bloc.xarxa-omnia.org\/santvicendelshorts\/wp-json\/wp\/v2\/pages\/2155\/revisions\/2236"}],"wp:attachment":[{"href":"https:\/\/bloc.xarxa-omnia.org\/santvicendelshorts\/wp-json\/wp\/v2\/media?parent=2155"}],"curies":[{"name":"wp","href":"https:\/\/api.w.org\/{rel}","templated":true}]}}

Informació general

<p>La <a href="http://xarxaomnia.gencat.cat" target="_blank">Xarxa Òmnia</a>, de la Direcció General d’Acció Cívica i Comunitària, és un programa preventiu, socioeducatiu, comunitari i de suport a col·lectius amb major risc de vulnerabilitat. L&#8217;Òmnia, de la Generalitat de Catalunya, és universal i usa com a instrument les eines TIC per a millorar i afavorir, tant individual com col·lectivament, la inclusió i la vinculació de les persones a la comunitat.</p>
<p>Va adreçat a la població general, però amb discriminació positiva vers les persones en risc social i més si precisen millorar les seves capacitats per a superar les seves di<a href="http://xarxaomnia.gencat.cat/blocs/santvicendelshorts/files/2017/09/03_santacolomacervello_blau.png" rel="attachment wp-att-2183"><img loading="lazy" decoding="async" class="size-medium wp-image-2183 alignleft" src="http://xarxaomnia.gencat.cat/blocs/santvicendelshorts/files/2017/09/03_santacolomacervello_blau-300x225.png" alt="03_santacolomacervello_blau" width="300" height="225" /></a>ficultats d’accés a les tecnologies d’informació, per tal d’evitar la seva exclusió de la comunitat, posant especial èmfasi en les persones en situació d’atur, infants i joves, gent gran i famílies.</p>
<p>Òmnia ofereix espais i equipaments d’utilització pública i compta amb el suport d’un professional, que dinamitza l’espai i assessora les persones usuàries del Punt. El paper del dinamitzador/a és fonamental per desenvolupar el programa a cada territori i aconseguir que cada Òmnia sigui un espai d’acolliment, d’informació, d’aprenentatge, de socialització i de participació en la comunitat.</p>
<p>Per aconseguir els objectius plantejats, la Direcció General d’Acció Cívica i Comunitària potencia tres eixos de treball: Aprenentatge, Inserció Social i Ús Comunitari.</p>
<p style="text-align: left;">· <strong>Aprenentatge.</strong>Vol garantir que totes les persones amb pocs coneixements digitals obtinguin una formació bàsica en el camp de les tecnologies de la informació i comunicació que els permeti no quedar excloses de la societat. Es desenvolupen tallers monogràfics de curta durada que consisteixen en uns itineraris formatius adequats als coneixements dels alumnes destinataris.<a href="http://xarxaomnia.gencat.cat/blocs/santvicendelshorts/files/2017/09/02_tortosa_violeta_v2.png" rel="attachment wp-att-2184"><img loading="lazy" decoding="async" class="size-medium wp-image-2184 alignright" src="http://xarxaomnia.gencat.cat/blocs/santvicendelshorts/files/2017/09/02_tortosa_violeta_v2-300x225.png" alt="02_tortosa_violeta_v2" width="300" height="225" /></a></p>
<p>· <strong>Ocupabilitat.</strong>Potencia la integració de les persones en risc d’exclusió social. D’una banda, els ofereix eines formatives informàtiques perquè sàpiguen buscar recursos a la xarxa i es puguin valer per elles mateixes en el seu procés d’inserció. D’altra banda, pel que fa a les persones en situació d’atur, les posa en contacte amb els serveis d’orientació social del territori i els facilita un conjunt d&#8217;hàbits i competències perquè arribin als agents d&#8217;inserció social amb la màxima preparació per tornar al mercat laboral al més aviat possible. L’eix d’ocupabilitat està reforçat amb un programa conjunt amb Servei d’Ocupació de Catalunya on s’ofereix formació específica en iniciació en informàtica per a la cerca de feina.</p>
<p>· <strong>Acció comunitària.</strong>Consisteix a facilitar el lliure accés a persones, entitats, grups i col·lectius al Punt Òmnia perquè es generin dinàmiques de cohesió social i d’intercanvi dins dels territoris. Es potencia el treball en xarxa virtual entre tots els agents del territori, així com les xarxes personals dels usuaris.</p>
<!-- AddThis Advanced Settings generic via filter on the_content --><!-- AddThis Share Buttons generic via filter on the_content -->

<p>La Xarxa Òmnia, de la Direcció General d’Acció Cívica i Comunitària, és un programa preventiu, socioeducatiu, comunitari i de suport a col·lectius amb major risc de vulnerabilitat. L&#8217;Òmnia, de la Generalitat de Catalunya, és universal i usa com a instrument les eines TIC per a millorar i afavorir, tant individual com col·lectivament, la inclusió i la [&hellip;]<!-- AddThis Advanced Settings generic via filter on get_the_excerpt --><!-- AddThis Share Buttons generic via filter on get_the_excerpt --></p>
