{"id":2223,"date":"2017-09-29T11:37:11","date_gmt":"2017-09-29T09:37:11","guid":{"rendered":"http:\/\/xarxaomnia.gencat.cat\/blocs\/santvicendelshorts\/?page_id=2223"},"modified":"2017-09-29T11:44:06","modified_gmt":"2017-09-29T09:44:06","slug":"el-punt-omnia-amb-la-fundacio-iris","status":"publish","type":"page","link":"https:\/\/bloc.xarxa-omnia.org\/santvicendelshorts\/el-punt-omnia-amb-la-fundacio-iris\/","title":{"rendered":"El Punt \u00d2mnia, amb la Fundaci\u00f3 Iris"},"content":{"rendered":"<p>El Punt \u00d2mnia de Sant Vicen\u00e7 dels Horts ha treballat intensament durant els seus 10 anys de vida amb la Fundaci\u00f3 Iris, una entitat sense \u00e0nim de lucre de Sant Vicen\u00e7 dels Horts i<a href=\"http:\/\/xarxaomnia.gencat.cat\/blocs\/santvicendelshorts\/files\/2016\/07\/oscar.jpg\" rel=\"attachment wp-att-1570\"><img loading=\"lazy\" decoding=\"async\" class=\"alignnone size-full wp-image-1570 alignleft\" src=\"http:\/\/xarxaomnia.gencat.cat\/blocs\/santvicendelshorts\/files\/2016\/07\/oscar.jpg\" alt=\"oscar\" width=\"271\" height=\"271\" srcset=\"https:\/\/bloc.xarxa-omnia.org\/santvicendelshorts\/files\/2016\/07\/oscar.jpg 271w, https:\/\/bloc.xarxa-omnia.org\/santvicendelshorts\/files\/2016\/07\/oscar-150x150.jpg 150w\" sizes=\"auto, (max-width: 271px) 100vw, 271px\" \/><\/a> que treballa amb les persones que pateixen algun tipus de discapacitat intel.lectual per a promoure, fomentar i desenvolupar l\u2019assist\u00e8ncia, l\u2019educaci\u00f3, l\u2019ensenyament, la formaci\u00f3 professional, l\u2019oci, les activitats esportives, la integraci\u00f3 social i laboral, l\u2019atenci\u00f3 residencial i l\u2019assist\u00e8ncia sanit\u00e0ria i, en general, tot all\u00f2 que suposi un benefici.<\/p>\n<p>Amb una programaci\u00f3 variada\u00a0de tallers TIC creatius, el Punt \u00d2mnia ha at\u00e8s usuaris i usu\u00e0ries de la Fundaci\u00f3 Iris que <a href=\"http:\/\/xarxaomnia.gencat.cat\/blocs\/santvicendelshorts\/2016\/05\/23\/1291\/\" target=\"_blank\">han pogut celebrar el Dia Internacional d&#8217;Internet<\/a> (cada 17 de maig), la diada del Carnestoltes i d&#8217;altres dies festius i destacats, aix\u00ed com tamb\u00e9 han pogut fer creacions i manualitats amb materials diversos i fent \u00fas de les eines TIC apropiades per a la seva creaci\u00f3. La tasca del Punt \u00d2mnia ha representat en tot moment una feina de potenciaci\u00f3 de la creativitat de les persones participants, aix\u00ed com de fomentar un aprenentatge dels recursos TIC i promoure l&#8217;autosufici\u00e8ncia i la intepend\u00e8ncia dins d&#8217;aquest col\u00b7lectiu.<\/p>\n<!-- AddThis Advanced Settings generic via filter on the_content --><!-- AddThis Share Buttons generic via filter on the_content -->","protected":false},"excerpt":{"rendered":"<p>El Punt \u00d2mnia de Sant Vicen\u00e7 dels Horts ha treballat intensament durant els seus 10 anys de vida amb la Fundaci\u00f3 Iris, una entitat sense \u00e0nim de lucre de Sant Vicen\u00e7 dels Horts i que treballa amb les persones que pateixen algun tipus de discapacitat intel.lectual per a promoure, fomentar i desenvolupar l\u2019assist\u00e8ncia, l\u2019educaci\u00f3, l\u2019ensenyament, [&hellip;]<!-- AddThis Advanced Settings generic via filter on get_the_excerpt --><!-- AddThis Share Buttons generic via filter on get_the_excerpt --><\/p>\n","protected":false},"author":1,"featured_media":0,"parent":0,"menu_order":0,"comment_status":"closed","ping_status":"closed","template":"","meta":{"ngg_post_thumbnail":0,"footnotes":""},"class_list":["post-2223","page","type-page","status-publish","czr-hentry"],"_links":{"self":[{"href":"https:\/\/bloc.xarxa-omnia.org\/santvicendelshorts\/wp-json\/wp\/v2\/pages\/2223","targetHints":{"allow":["GET"]}}],"collection":[{"href":"https:\/\/bloc.xarxa-omnia.org\/santvicendelshorts\/wp-json\/wp\/v2\/pages"}],"about":[{"href":"https:\/\/bloc.xarxa-omnia.org\/santvicendelshorts\/wp-json\/wp\/v2\/types\/page"}],"author":[{"embeddable":true,"href":"https:\/\/bloc.xarxa-omnia.org\/santvicendelshorts\/wp-json\/wp\/v2\/users\/1"}],"replies":[{"embeddable":true,"href":"https:\/\/bloc.xarxa-omnia.org\/santvicendelshorts\/wp-json\/wp\/v2\/comments?post=2223"}],"version-history":[{"count":4,"href":"https:\/\/bloc.xarxa-omnia.org\/santvicendelshorts\/wp-json\/wp\/v2\/pages\/2223\/revisions"}],"predecessor-version":[{"id":2228,"href":"https:\/\/bloc.xarxa-omnia.org\/santvicendelshorts\/wp-json\/wp\/v2\/pages\/2223\/revisions\/2228"}],"wp:attachment":[{"href":"https:\/\/bloc.xarxa-omnia.org\/santvicendelshorts\/wp-json\/wp\/v2\/media?parent=2223"}],"curies":[{"name":"wp","href":"https:\/\/api.w.org\/{rel}","templated":true}]}}