{"id":26,"date":"2011-02-01T21:53:15","date_gmt":"2011-02-01T19:53:15","guid":{"rendered":"http:\/\/xarxaomnia.gencat.cat\/blocs\/seguretatenxarxa\/?page_id=26"},"modified":"2011-02-03T13:37:53","modified_gmt":"2011-02-03T11:37:53","slug":"publica-al-bloc","status":"publish","type":"page","link":"https:\/\/bloc.xarxa-omnia.org\/seguretatenxarxa\/xarxa\/publica-al-bloc\/","title":{"rendered":"Publica al bloc"},"content":{"rendered":"<p><strong><a href=\"http:\/\/xarxaomnia.gencat.cat\/blocs\/seguretatenxarxa\/files\/2011\/02\/1296590261_blockdevice.png\"><img loading=\"lazy\" decoding=\"async\" class=\"alignright size-full wp-image-27\" style=\"float: right;\" title=\"1296590261_blockdevice\" src=\"http:\/\/xarxaomnia.gencat.cat\/blocs\/seguretatenxarxa\/files\/2011\/02\/1296590261_blockdevice.png\" alt=\"\" width=\"128\" height=\"128\" \/><\/a>Deixa&#8217;ns un comentari <\/strong>en aquesta p\u00e0gina i et farem <strong>co-autor<\/strong> del bloc perqu\u00e8 puguis publicar les teves activitats al voltant de la tem\u00e0tica de la seguretat. Recorda deixar el teu correu electr\u00f2nic per poder-nos posar en contacte amb tu!<\/p>\n<p>Explica&#8217;ns com us heu organitzat.<\/p>\n<p>Quins recursos heu fet servir?<\/p>\n<p>Qualsevol idea \u00e9s inspiradora per a altres persones que volen treballar el mateix que vosaltres: la seguretat a la xarxa!<\/p>\n","protected":false},"excerpt":{"rendered":"<p>Deixa&#8217;ns un comentari en aquesta p\u00e0gina i et farem co-autor del bloc perqu\u00e8 puguis publicar les teves activitats al voltant de la tem\u00e0tica de la seguretat. Recorda deixar el teu correu electr\u00f2nic per poder-nos posar en contacte amb tu! Explica&#8217;ns com us heu organitzat. Quins recursos heu fet servir? Qualsevol idea \u00e9s inspiradora per a [&hellip;]<\/p>\n","protected":false},"author":61,"featured_media":0,"parent":10,"menu_order":1,"comment_status":"open","ping_status":"closed","template":"","meta":{"footnotes":""},"class_list":["post-26","page","type-page","status-publish","hentry"],"_links":{"self":[{"href":"https:\/\/bloc.xarxa-omnia.org\/seguretatenxarxa\/wp-json\/wp\/v2\/pages\/26","targetHints":{"allow":["GET"]}}],"collection":[{"href":"https:\/\/bloc.xarxa-omnia.org\/seguretatenxarxa\/wp-json\/wp\/v2\/pages"}],"about":[{"href":"https:\/\/bloc.xarxa-omnia.org\/seguretatenxarxa\/wp-json\/wp\/v2\/types\/page"}],"author":[{"embeddable":true,"href":"https:\/\/bloc.xarxa-omnia.org\/seguretatenxarxa\/wp-json\/wp\/v2\/users\/61"}],"replies":[{"embeddable":true,"href":"https:\/\/bloc.xarxa-omnia.org\/seguretatenxarxa\/wp-json\/wp\/v2\/comments?post=26"}],"version-history":[{"count":4,"href":"https:\/\/bloc.xarxa-omnia.org\/seguretatenxarxa\/wp-json\/wp\/v2\/pages\/26\/revisions"}],"predecessor-version":[{"id":69,"href":"https:\/\/bloc.xarxa-omnia.org\/seguretatenxarxa\/wp-json\/wp\/v2\/pages\/26\/revisions\/69"}],"up":[{"embeddable":true,"href":"https:\/\/bloc.xarxa-omnia.org\/seguretatenxarxa\/wp-json\/wp\/v2\/pages\/10"}],"wp:attachment":[{"href":"https:\/\/bloc.xarxa-omnia.org\/seguretatenxarxa\/wp-json\/wp\/v2\/media?parent=26"}],"curies":[{"name":"wp","href":"https:\/\/api.w.org\/{rel}","templated":true}]}}