{"id":2,"date":"2008-07-29T13:26:05","date_gmt":"2008-07-29T11:26:05","guid":{"rendered":""},"modified":"2008-08-28T14:13:20","modified_gmt":"2008-08-28T12:13:20","slug":"quant-a","status":"publish","type":"page","link":"https:\/\/bloc.xarxa-omnia.org\/tempsorganitzat\/","title":{"rendered":"INICI"},"content":{"rendered":"<p>Setembre \u00e9s sin\u00f2nim de nova temporada i aix\u00f2 comporta nous projectes. \u00c9s el moment en qu\u00e8 ens plantegem com hem de planificar-los. Una manera efica\u00e7 d&#8217;organitzar el nostre temps \u00e9s emprar un <strong>calendari en l\u00ednia<\/strong>, que podem consultar des de qualsevol ordinador.<\/p>\n<p><a href=\"http:\/\/blog.xarxa-omnia.org\/tempsorganitzat\/files\/2008\/07\/logo_jotlet.jpg\" title=\"logo jotlet\"><img loading=\"lazy\" decoding=\"async\" src=\"http:\/\/blog.xarxa-omnia.org\/tempsorganitzat\/files\/2008\/07\/logo_jotlet.thumbnail.jpg\" alt=\"logo jotlet\" vspace=\"0\" width=\"60\" align=\"left\" height=\"60\" hspace=\"10\" \/><\/a><br \/>\n\u00c9s el cas de <strong>Jotlet<\/strong>, una eina que permet desar tasques i esdeveniments, aix\u00ed com planificar visualment els dies, les setmanes, els mesos&#8230; I no nom\u00e9s de manera individual, tamb\u00e9 podrem compartir amb altres persones els nostres calendaris!<\/p>\n<p><font color=\"#ffffff\">&#8211; <\/font><\/p>\n<p><img decoding=\"async\" src=\"http:\/\/blog.xarxa-omnia.org\/tempsorganitzat\/files\/2008\/07\/boto_roig.jpg\" alt=\"bot\u00f3 roig\" align=\"absmiddle\" \/> Per comen\u00e7ar a <a href=\"http:\/\/blog.xarxa-omnia.org\/tempsorganitzat\/planificar\/\">ORGANITZAR<\/a> amb Jotlet, coneixerem les seves possibilitats.<\/p>\n<p><img decoding=\"async\" src=\"http:\/\/blog.xarxa-omnia.org\/tempsorganitzat\/files\/2008\/07\/boto_roig.jpg\" alt=\"bot\u00f3 roig\" align=\"absmiddle\" \/> Un cop creat el nostre calendari de Jotlet, tot quedar\u00e0 llest per <a href=\"http:\/\/blog.xarxa-omnia.org\/tempsorganitzat\/compartir\/\">COMPARTIR<\/a>-lo.<\/p>\n<p><img decoding=\"async\" src=\"http:\/\/blog.xarxa-omnia.org\/tempsorganitzat\/files\/2008\/07\/boto_roig.jpg\" alt=\"bot\u00f3 roig\" align=\"absmiddle\" \/> D&#8217;aquesta manera, crearem un <a href=\"http:\/\/blog.xarxa-omnia.org\/tempsorganitzat\/calendari-comu\/\">CALENDARI COM\u00da<\/a> per compartir esdeveniments dins la Xarxa \u00d2mnia!<\/p>\n<p><img decoding=\"async\" src=\"http:\/\/blog.xarxa-omnia.org\/tempsorganitzat\/files\/2008\/07\/boto_roig.jpg\" alt=\"bot\u00f3 roig\" align=\"absmiddle\" \/> Com que Jotlet no \u00e9s l&#8217;\u00fanica eina que tenim per planificar el nostre temps, mirarem <a href=\"http:\/\/blog.xarxa-omnia.org\/tempsorganitzat\/altres-recursos\/\">ALTRES RECURSOS<\/a>.<\/p>\n<h5>NOTA: Les imatges d&#8217;aquest bloc i dels seus multim\u00e8dia s\u00f3n captures de pantalla del web <a href=\"https:\/\/www.jotlet.net\/\">https:\/\/www.jotlet.net\/<\/a><\/h5>\n","protected":false},"excerpt":{"rendered":"<p>Setembre \u00e9s sin\u00f2nim de nova temporada i aix\u00f2 comporta nous projectes. \u00c9s el moment en qu\u00e8 ens plantegem com hem de planificar-los. Una manera efica\u00e7 d&#8217;organitzar el nostre temps \u00e9s emprar un calendari en l\u00ednia, que podem consultar des de qualsevol ordinador. \u00c9s el cas de Jotlet, una eina que permet desar tasques i esdeveniments, [&hellip;]<\/p>\n","protected":false},"author":1,"featured_media":0,"parent":0,"menu_order":0,"comment_status":"open","ping_status":"open","template":"","meta":{"ngg_post_thumbnail":0,"footnotes":""},"class_list":["post-2","page","type-page","status-publish","hentry"],"_links":{"self":[{"href":"https:\/\/bloc.xarxa-omnia.org\/tempsorganitzat\/wp-json\/wp\/v2\/pages\/2","targetHints":{"allow":["GET"]}}],"collection":[{"href":"https:\/\/bloc.xarxa-omnia.org\/tempsorganitzat\/wp-json\/wp\/v2\/pages"}],"about":[{"href":"https:\/\/bloc.xarxa-omnia.org\/tempsorganitzat\/wp-json\/wp\/v2\/types\/page"}],"author":[{"embeddable":true,"href":"https:\/\/bloc.xarxa-omnia.org\/tempsorganitzat\/wp-json\/wp\/v2\/users\/1"}],"replies":[{"embeddable":true,"href":"https:\/\/bloc.xarxa-omnia.org\/tempsorganitzat\/wp-json\/wp\/v2\/comments?post=2"}],"version-history":[{"count":0,"href":"https:\/\/bloc.xarxa-omnia.org\/tempsorganitzat\/wp-json\/wp\/v2\/pages\/2\/revisions"}],"wp:attachment":[{"href":"https:\/\/bloc.xarxa-omnia.org\/tempsorganitzat\/wp-json\/wp\/v2\/media?parent=2"}],"curies":[{"name":"wp","href":"https:\/\/api.w.org\/{rel}","templated":true}]}}

<p>Setembre és sinònim de nova temporada i això comporta nous projectes. És el moment en què ens plantegem com hem de planificar-los. Una manera eficaç d&#8217;organitzar el nostre temps és emprar un <strong>calendari en línia</strong>, que podem consultar des de qualsevol ordinador.</p>
<p><a href="http://blog.xarxa-omnia.org/tempsorganitzat/files/2008/07/logo_jotlet.jpg" title="logo jotlet"><img loading="lazy" decoding="async" src="http://blog.xarxa-omnia.org/tempsorganitzat/files/2008/07/logo_jotlet.thumbnail.jpg" alt="logo jotlet" vspace="0" width="60" align="left" height="60" hspace="10" /></a><br />
És el cas de <strong>Jotlet</strong>, una eina que permet desar tasques i esdeveniments, així com planificar visualment els dies, les setmanes, els mesos&#8230; I no només de manera individual, també podrem compartir amb altres persones els nostres calendaris!</p>
<p><font color="#ffffff">&#8211; </font></p>
<p><img decoding="async" src="http://blog.xarxa-omnia.org/tempsorganitzat/files/2008/07/boto_roig.jpg" alt="botó roig" align="absmiddle" /> Per començar a <a href="http://blog.xarxa-omnia.org/tempsorganitzat/planificar/">ORGANITZAR</a> amb Jotlet, coneixerem les seves possibilitats.</p>
<p><img decoding="async" src="http://blog.xarxa-omnia.org/tempsorganitzat/files/2008/07/boto_roig.jpg" alt="botó roig" align="absmiddle" /> Un cop creat el nostre calendari de Jotlet, tot quedarà llest per <a href="http://blog.xarxa-omnia.org/tempsorganitzat/compartir/">COMPARTIR</a>-lo.</p>
<p><img decoding="async" src="http://blog.xarxa-omnia.org/tempsorganitzat/files/2008/07/boto_roig.jpg" alt="botó roig" align="absmiddle" /> D&#8217;aquesta manera, crearem un <a href="http://blog.xarxa-omnia.org/tempsorganitzat/calendari-comu/">CALENDARI COMÚ</a> per compartir esdeveniments dins la Xarxa Òmnia!</p>
<p><img decoding="async" src="http://blog.xarxa-omnia.org/tempsorganitzat/files/2008/07/boto_roig.jpg" alt="botó roig" align="absmiddle" /> Com que Jotlet no és l&#8217;única eina que tenim per planificar el nostre temps, mirarem <a href="http://blog.xarxa-omnia.org/tempsorganitzat/altres-recursos/">ALTRES RECURSOS</a>.</p>
<h5>NOTA: Les imatges d&#8217;aquest bloc i dels seus multimèdia són captures de pantalla del web <a href="https://www.jotlet.net/">https://www.jotlet.net/</a></h5>

<p>Setembre és sinònim de nova temporada i això comporta nous projectes. És el moment en què ens plantegem com hem de planificar-los. Una manera eficaç d&#8217;organitzar el nostre temps és emprar un calendari en línia, que podem consultar des de qualsevol ordinador. És el cas de Jotlet, una eina que permet desar tasques i esdeveniments, [&hellip;]</p>
