{"id":488,"date":"2016-03-15T15:59:51","date_gmt":"2016-03-15T15:59:51","guid":{"rendered":"http:\/\/xarxaomnia.gencat.cat\/blocs\/tortosa\/?page_id=488"},"modified":"2020-12-23T08:15:45","modified_gmt":"2020-12-23T08:15:45","slug":"totes-les-activitats","status":"publish","type":"page","link":"https:\/\/bloc.xarxa-omnia.org\/tortosa\/totes-les-activitats\/","title":{"rendered":"CURSOS I TALLERS"},"content":{"rendered":"\n<h3 class=\"wp-block-heading\">1t TRIMESTRE 2021<\/h3>\n\n\n\n<ul class=\"wp-block-list\"><li>Videotrucada grupal.<\/li><li>Iniciaci\u00f3 Whatsapp<\/li><li>Aprenem a utilitzar el tel\u00e8fon intel\u00b7ligent a trav\u00e9s de&#8230;<\/li><li>Ment activa!<\/li><li>Hist\u00f2ries de vida.<\/li><li>La meva Salut<\/li><\/ul>\n\n\n\n<h3 class=\"wp-block-heading\"><strong>TARDOR 2020<\/strong><\/h3>\n\n\n\n<ul class=\"wp-block-list\"><li><strong><a href=\"http:\/\/bloc.xarxa-omnia.org\/tortosa\/2020\/11\/04\/exemple-activitat-tic\/\">Taller APP-videotrucada<\/a><\/strong><\/li><li><strong><a href=\"http:\/\/bloc.xarxa-omnia.org\/tortosa\/2020\/11\/04\/exemple-activitat-tic\/\">Curs Conect@&#8217;t<\/a><\/strong><\/li><li><strong><a href=\"http:\/\/bloc.xarxa-omnia.org\/tortosa\/2020\/11\/04\/exemple-activitat-tic\/\">Curs Recicl@-TIC<\/a><\/strong><\/li><li><strong><a href=\"https:\/\/bloc.xarxa-omnia.org\/tortosa\/2020\/11\/06\/activitats-online\/\">Estimulaci\u00f3 cognitiva<\/a><\/strong><\/li><li><strong><a href=\"https:\/\/bloc.xarxa-omnia.org\/tortosa\/2020\/11\/06\/cita-previa\/\">Cita pr\u00e8via &#8211; Orientaci\u00f3 ciutadana<\/a><\/strong><\/li><li><strong><a href=\"https:\/\/bloc.xarxa-omnia.org\/tortosa\/2020\/11\/06\/activitat-reforc-educatiu\/\">Refor\u00e7a&#8217;t pel teu \u00e8xit educatiu<\/a><\/strong><\/li><\/ul>\n\n\n\n<hr class=\"wp-block-separator\" \/>\n\n\n\n<p><\/p>\n","protected":false},"excerpt":{"rendered":"<p>1t TRIMESTRE 2021 Videotrucada grupal. Iniciaci\u00f3 Whatsapp Aprenem a utilitzar el tel\u00e8fon intel\u00b7ligent a trav\u00e9s de&#8230; Ment activa! Hist\u00f2ries de vida. La meva Salut TARDOR 2020 Taller APP-videotrucada Curs Conect@&#8217;t Curs Recicl@-TIC Estimulaci\u00f3 cognitiva Cita pr\u00e8via &#8211; Orientaci\u00f3 ciutadana Refor\u00e7a&#8217;t pel teu \u00e8xit educatiu<\/p>\n","protected":false},"author":179,"featured_media":490,"parent":0,"menu_order":0,"comment_status":"closed","ping_status":"closed","template":"","meta":{"footnotes":""},"class_list":["post-488","page","type-page","status-publish","has-post-thumbnail","czr-hentry"],"_links":{"self":[{"href":"https:\/\/bloc.xarxa-omnia.org\/tortosa\/wp-json\/wp\/v2\/pages\/488","targetHints":{"allow":["GET"]}}],"collection":[{"href":"https:\/\/bloc.xarxa-omnia.org\/tortosa\/wp-json\/wp\/v2\/pages"}],"about":[{"href":"https:\/\/bloc.xarxa-omnia.org\/tortosa\/wp-json\/wp\/v2\/types\/page"}],"author":[{"embeddable":true,"href":"https:\/\/bloc.xarxa-omnia.org\/tortosa\/wp-json\/wp\/v2\/users\/179"}],"replies":[{"embeddable":true,"href":"https:\/\/bloc.xarxa-omnia.org\/tortosa\/wp-json\/wp\/v2\/comments?post=488"}],"version-history":[{"count":24,"href":"https:\/\/bloc.xarxa-omnia.org\/tortosa\/wp-json\/wp\/v2\/pages\/488\/revisions"}],"predecessor-version":[{"id":1511,"href":"https:\/\/bloc.xarxa-omnia.org\/tortosa\/wp-json\/wp\/v2\/pages\/488\/revisions\/1511"}],"wp:featuredmedia":[{"embeddable":true,"href":"https:\/\/bloc.xarxa-omnia.org\/tortosa\/wp-json\/wp\/v2\/media\/490"}],"wp:attachment":[{"href":"https:\/\/bloc.xarxa-omnia.org\/tortosa\/wp-json\/wp\/v2\/media?parent=488"}],"curies":[{"name":"wp","href":"https:\/\/api.w.org\/{rel}","templated":true}]}}