{"id":2,"date":"2009-10-09T10:47:43","date_gmt":"2009-10-09T08:47:43","guid":{"rendered":""},"modified":"2010-11-28T23:44:55","modified_gmt":"2010-11-28T22:44:55","slug":"about","status":"publish","type":"page","link":"https:\/\/bloc.xarxa-omnia.org\/verdum\/?page_id=2","title":{"rendered":"Quant a"},"content":{"rendered":"<p>El projecte \u00d2mnia neix l&#8217;any 1999 com un projecte preventiu i socioeducatiu que treballa amb les noves tecnologies, entenent-les com un mitj\u00e0 de millora i promoci\u00f3 de l\u2019autonomia de les persones i un element de participaci\u00f3 afavoridor de la cohesi\u00f3 social.<\/p>\n<p>Es treballa seguint tres l\u00ednies d\u2019actuaci\u00f3: l\u2019\u00fas comunitari, la inserci\u00f3 social i laboral i la formaci\u00f3.<\/p>\n<p>L&#8217;\u00d2mnia Verdum ofereix un espai equipat amb 8 ordinadors i programari inform\u00e0tic d\u2019utilitzaci\u00f3 p\u00fablica i comunit\u00e0ria, impressi\u00f3 dinA3, esc\u00e0nner i webcam, amb el suport d&#8217;una persona.<\/p>\n","protected":false},"excerpt":{"rendered":"<p>El projecte \u00d2mnia neix l&#8217;any 1999 com un projecte preventiu i socioeducatiu que treballa amb les noves tecnologies, entenent-les com un mitj\u00e0 de millora i promoci\u00f3 de l\u2019autonomia de les persones i un element de participaci\u00f3 afavoridor de la cohesi\u00f3 social. Es treballa seguint tres l\u00ednies d\u2019actuaci\u00f3: l\u2019\u00fas comunitari, la inserci\u00f3 social i laboral i [&hellip;]<\/p>\n","protected":false},"author":116,"featured_media":0,"parent":0,"menu_order":0,"comment_status":"closed","ping_status":"open","template":"","meta":{"jetpack_post_was_ever_published":false,"footnotes":""},"class_list":["post-2","page","type-page","status-publish","hentry"],"jetpack_sharing_enabled":true,"jetpack_shortlink":"https:\/\/wp.me\/P7AIYZ-2","jetpack-related-posts":[],"jetpack_likes_enabled":true,"_links":{"self":[{"href":"https:\/\/bloc.xarxa-omnia.org\/verdum\/index.php?rest_route=\/wp\/v2\/pages\/2","targetHints":{"allow":["GET"]}}],"collection":[{"href":"https:\/\/bloc.xarxa-omnia.org\/verdum\/index.php?rest_route=\/wp\/v2\/pages"}],"about":[{"href":"https:\/\/bloc.xarxa-omnia.org\/verdum\/index.php?rest_route=\/wp\/v2\/types\/page"}],"author":[{"embeddable":true,"href":"https:\/\/bloc.xarxa-omnia.org\/verdum\/index.php?rest_route=\/wp\/v2\/users\/116"}],"replies":[{"embeddable":true,"href":"https:\/\/bloc.xarxa-omnia.org\/verdum\/index.php?rest_route=%2Fwp%2Fv2%2Fcomments&post=2"}],"version-history":[{"count":3,"href":"https:\/\/bloc.xarxa-omnia.org\/verdum\/index.php?rest_route=\/wp\/v2\/pages\/2\/revisions"}],"predecessor-version":[{"id":11,"href":"https:\/\/bloc.xarxa-omnia.org\/verdum\/index.php?rest_route=\/wp\/v2\/pages\/2\/revisions\/11"}],"wp:attachment":[{"href":"https:\/\/bloc.xarxa-omnia.org\/verdum\/index.php?rest_route=%2Fwp%2Fv2%2Fmedia&parent=2"}],"curies":[{"name":"wp","href":"https:\/\/api.w.org\/{rel}","templated":true}]}}