{"id":20,"date":"2010-11-28T20:20:04","date_gmt":"2010-11-28T19:20:04","guid":{"rendered":"http:\/\/xarxaomnia.gencat.cat\/blocs\/verdum\/?page_id=20"},"modified":"2016-05-30T19:38:28","modified_gmt":"2016-05-30T17:38:28","slug":"que-fem","status":"publish","type":"page","link":"https:\/\/bloc.xarxa-omnia.org\/verdum\/?page_id=20","title":{"rendered":"Qu\u00e8 fem"},"content":{"rendered":"<h2>Projectes i activitats que tenen lloc al Punt \u00d2mnia Verdum:<\/h2>\n<h3>Tallers per a adults (matins):<\/h3>\n<ul>\n<li>Tallers d&#8217;alfabetitizaci\u00f3 digital<\/li>\n<li>Tallers de navegaci\u00f3 per internet<\/li>\n<\/ul>\n<h3>Tallers per a infants i joves (tardes):<\/h3>\n<ul>\n<li>Taller d&#8217;edici\u00f3 gr\u00e0fica variada<\/li>\n<li>Taller d&#8217;edici\u00f3 i gesti\u00f3 musical<\/li>\n<li>Programem amb Scratch<\/li>\n<\/ul>\n<h3>Dimecres Culturals:<\/h3>\n<p>Espai de trobada d&#8217;un grup de ve\u00efnes que fan sortides mensuals. El Punt \u00d2mnia esdev\u00e9 l&#8217;espai on preparar les sortides, gestionar les fotografies, recerca d&#8217;informaci\u00f3, edici\u00f3 del <a href=\"http:\/\/dimecresculturals.blogspot.com\" target=\"_blank\">blog<\/a>, etc.<\/p>\n<p>Projecte impulsat pel <a href=\"http:\/\/pcverdum.org\/index.php\/ca\/quefem\/eixos-principals\/barri-educatiu\/33-dimecres-culturals\">Pla Comunitari de Verdum<\/a>.<\/p>\n<h3>Aula oberta laboral:<\/h3>\n<p>Espai per a la recerca de feina i\/o adquisici\u00f3 de compet\u00e8ncies b\u00e0siques.<\/p>\n<p>Projecte realitzat conjuntament amb la <em>Taula per a la inserci\u00f3 laboral<\/em> impulsada pel <a href=\"http:\/\/pcverdum.org\/\">Pla Comunitari de Verdum<\/a> i el <a href=\"http:\/\/pcroquetes.blogspot.com.es\/\">Pla Comunitari de Roquetes<\/a>.<\/p>\n<h3>Refor\u00e7 Escolar:<\/h3>\n<p>Dues tardes a la setmana la sala s&#8217;utiltza per ajudar als infants a fer els deures o realitzar activitats de refor\u00e7, amb el suport de monitors i voluntaris de la Fundaci\u00f3 Pare Manel.<\/p>\n<h3>Activitats puntuals al llarg de l&#8217;any:<\/h3>\n<p>Suport a entitats i col\u00b7lectius del barrri.<\/p>\n<h3>Acc\u00e9s lliure:<\/h3>\n<p>Franja hor\u00e0ria reservada per a l&#8217;\u00fas comunitari o individual.<\/p>\n<h3>Horari d&#8217;activitats curs 2015-2016:<\/h3>\n<p><a href=\"https:\/\/i0.wp.com\/xarxaomnia.gencat.cat\/blocs\/verdum\/files\/2016\/02\/Horaris-setmanals_2015_3Q.png\"><img data-recalc-dims=\"1\" loading=\"lazy\" decoding=\"async\" data-attachment-id=\"146\" data-permalink=\"https:\/\/bloc.xarxa-omnia.org\/verdum\/?attachment_id=146\" data-orig-file=\"https:\/\/i0.wp.com\/bloc.xarxa-omnia.org\/verdum\/files\/2016\/02\/Horaris-setmanals_2015_3Q.png?fit=994%2C771&amp;ssl=1\" data-orig-size=\"994,771\" data-comments-opened=\"0\" data-image-meta=\"{&quot;aperture&quot;:&quot;0&quot;,&quot;credit&quot;:&quot;&quot;,&quot;camera&quot;:&quot;&quot;,&quot;caption&quot;:&quot;&quot;,&quot;created_timestamp&quot;:&quot;0&quot;,&quot;copyright&quot;:&quot;&quot;,&quot;focal_length&quot;:&quot;0&quot;,&quot;iso&quot;:&quot;0&quot;,&quot;shutter_speed&quot;:&quot;0&quot;,&quot;title&quot;:&quot;&quot;,&quot;orientation&quot;:&quot;0&quot;}\" data-image-title=\"Horaris setmanals_2015_3Q\" data-image-description=\"\" data-image-caption=\"\" data-medium-file=\"https:\/\/i0.wp.com\/bloc.xarxa-omnia.org\/verdum\/files\/2016\/02\/Horaris-setmanals_2015_3Q.png?fit=300%2C233&amp;ssl=1\" data-large-file=\"https:\/\/i0.wp.com\/bloc.xarxa-omnia.org\/verdum\/files\/2016\/02\/Horaris-setmanals_2015_3Q.png?fit=994%2C771&amp;ssl=1\" class=\"aligncenter wp-image-146 size-medium\" src=\"https:\/\/i0.wp.com\/xarxaomnia.gencat.cat\/blocs\/verdum\/files\/2016\/02\/Horaris-setmanals_2015_3Q-300x233.png?resize=300%2C233\" alt=\"\" width=\"300\" height=\"233\" srcset=\"https:\/\/i0.wp.com\/bloc.xarxa-omnia.org\/verdum\/files\/2016\/02\/Horaris-setmanals_2015_3Q.png?resize=300%2C233&amp;ssl=1 300w, https:\/\/i0.wp.com\/bloc.xarxa-omnia.org\/verdum\/files\/2016\/02\/Horaris-setmanals_2015_3Q.png?resize=768%2C596&amp;ssl=1 768w, https:\/\/i0.wp.com\/bloc.xarxa-omnia.org\/verdum\/files\/2016\/02\/Horaris-setmanals_2015_3Q.png?w=994&amp;ssl=1 994w\" sizes=\"auto, (max-width: 300px) 100vw, 300px\" \/><\/a><\/p>\n<p style=\"text-align: center\">\n","protected":false},"excerpt":{"rendered":"<p>Projectes i activitats que tenen lloc al Punt \u00d2mnia Verdum: Tallers per a adults (matins): Tallers d&#8217;alfabetitizaci\u00f3 digital Tallers de navegaci\u00f3 per internet Tallers per a infants i joves (tardes): Taller d&#8217;edici\u00f3 gr\u00e0fica variada Taller d&#8217;edici\u00f3 i gesti\u00f3 musical Programem amb Scratch Dimecres Culturals: Espai de trobada d&#8217;un grup de ve\u00efnes que fan sortides mensuals. [&hellip;]<\/p>\n","protected":false},"author":116,"featured_media":0,"parent":0,"menu_order":0,"comment_status":"closed","ping_status":"open","template":"","meta":{"jetpack_post_was_ever_published":false,"footnotes":""},"class_list":["post-20","page","type-page","status-publish","hentry"],"jetpack_sharing_enabled":true,"jetpack_shortlink":"https:\/\/wp.me\/P7AIYZ-k","jetpack-related-posts":[],"jetpack_likes_enabled":true,"_links":{"self":[{"href":"https:\/\/bloc.xarxa-omnia.org\/verdum\/index.php?rest_route=\/wp\/v2\/pages\/20","targetHints":{"allow":["GET"]}}],"collection":[{"href":"https:\/\/bloc.xarxa-omnia.org\/verdum\/index.php?rest_route=\/wp\/v2\/pages"}],"about":[{"href":"https:\/\/bloc.xarxa-omnia.org\/verdum\/index.php?rest_route=\/wp\/v2\/types\/page"}],"author":[{"embeddable":true,"href":"https:\/\/bloc.xarxa-omnia.org\/verdum\/index.php?rest_route=\/wp\/v2\/users\/116"}],"replies":[{"embeddable":true,"href":"https:\/\/bloc.xarxa-omnia.org\/verdum\/index.php?rest_route=%2Fwp%2Fv2%2Fcomments&post=20"}],"version-history":[{"count":22,"href":"https:\/\/bloc.xarxa-omnia.org\/verdum\/index.php?rest_route=\/wp\/v2\/pages\/20\/revisions"}],"predecessor-version":[{"id":228,"href":"https:\/\/bloc.xarxa-omnia.org\/verdum\/index.php?rest_route=\/wp\/v2\/pages\/20\/revisions\/228"}],"wp:attachment":[{"href":"https:\/\/bloc.xarxa-omnia.org\/verdum\/index.php?rest_route=%2Fwp%2Fv2%2Fmedia&parent=20"}],"curies":[{"name":"wp","href":"https:\/\/api.w.org\/{rel}","templated":true}]}}

Què fem

<h2>Projectes i activitats que tenen lloc al Punt Òmnia Verdum:</h2>
<h3>Tallers per a adults (matins):</h3>
<ul>
<li>Tallers d&#8217;alfabetitizació digital</li>
<li>Tallers de navegació per internet</li>
</ul>
<h3>Tallers per a infants i joves (tardes):</h3>
<ul>
<li>Taller d&#8217;edició gràfica variada</li>
<li>Taller d&#8217;edició i gestió musical</li>
<li>Programem amb Scratch</li>
</ul>
<h3>Dimecres Culturals:</h3>
<p>Espai de trobada d&#8217;un grup de veïnes que fan sortides mensuals. El Punt Òmnia esdevé l&#8217;espai on preparar les sortides, gestionar les fotografies, recerca d&#8217;informació, edició del <a href="http://dimecresculturals.blogspot.com" target="_blank">blog</a>, etc.</p>
<p>Projecte impulsat pel <a href="http://pcverdum.org/index.php/ca/quefem/eixos-principals/barri-educatiu/33-dimecres-culturals">Pla Comunitari de Verdum</a>.</p>
<h3>Aula oberta laboral:</h3>
<p>Espai per a la recerca de feina i/o adquisició de competències bàsiques.</p>
<p>Projecte realitzat conjuntament amb la <em>Taula per a la inserció laboral</em> impulsada pel <a href="http://pcverdum.org/">Pla Comunitari de Verdum</a> i el <a href="http://pcroquetes.blogspot.com.es/">Pla Comunitari de Roquetes</a>.</p>
<h3>Reforç Escolar:</h3>
<p>Dues tardes a la setmana la sala s&#8217;utiltza per ajudar als infants a fer els deures o realitzar activitats de reforç, amb el suport de monitors i voluntaris de la Fundació Pare Manel.</p>
<h3>Activitats puntuals al llarg de l&#8217;any:</h3>
<p>Suport a entitats i col·lectius del barrri.</p>
<h3>Accés lliure:</h3>
<p>Franja horària reservada per a l&#8217;ús comunitari o individual.</p>
<h3>Horari d&#8217;activitats curs 2015-2016:</h3>
<p><a href="https://i0.wp.com/xarxaomnia.gencat.cat/blocs/verdum/files/2016/02/Horaris-setmanals_2015_3Q.png"><img data-recalc-dims="1" loading="lazy" decoding="async" data-attachment-id="146" data-permalink="https://bloc.xarxa-omnia.org/verdum/?attachment_id=146" data-orig-file="https://i0.wp.com/bloc.xarxa-omnia.org/verdum/files/2016/02/Horaris-setmanals_2015_3Q.png?fit=994%2C771&amp;ssl=1" data-orig-size="994,771" data-comments-opened="0" data-image-meta="{&quot;aperture&quot;:&quot;0&quot;,&quot;credit&quot;:&quot;&quot;,&quot;camera&quot;:&quot;&quot;,&quot;caption&quot;:&quot;&quot;,&quot;created_timestamp&quot;:&quot;0&quot;,&quot;copyright&quot;:&quot;&quot;,&quot;focal_length&quot;:&quot;0&quot;,&quot;iso&quot;:&quot;0&quot;,&quot;shutter_speed&quot;:&quot;0&quot;,&quot;title&quot;:&quot;&quot;,&quot;orientation&quot;:&quot;0&quot;}" data-image-title="Horaris setmanals_2015_3Q" data-image-description="" data-image-caption="" data-medium-file="https://i0.wp.com/bloc.xarxa-omnia.org/verdum/files/2016/02/Horaris-setmanals_2015_3Q.png?fit=300%2C233&amp;ssl=1" data-large-file="https://i0.wp.com/bloc.xarxa-omnia.org/verdum/files/2016/02/Horaris-setmanals_2015_3Q.png?fit=994%2C771&amp;ssl=1" class="aligncenter wp-image-146 size-medium" src="https://i0.wp.com/xarxaomnia.gencat.cat/blocs/verdum/files/2016/02/Horaris-setmanals_2015_3Q-300x233.png?resize=300%2C233" alt="" width="300" height="233" srcset="https://i0.wp.com/bloc.xarxa-omnia.org/verdum/files/2016/02/Horaris-setmanals_2015_3Q.png?resize=300%2C233&amp;ssl=1 300w, https://i0.wp.com/bloc.xarxa-omnia.org/verdum/files/2016/02/Horaris-setmanals_2015_3Q.png?resize=768%2C596&amp;ssl=1 768w, https://i0.wp.com/bloc.xarxa-omnia.org/verdum/files/2016/02/Horaris-setmanals_2015_3Q.png?w=994&amp;ssl=1 994w" sizes="auto, (max-width: 300px) 100vw, 300px" /></a></p>
<p style="text-align: center">

<p>Projectes i activitats que tenen lloc al Punt Òmnia Verdum: Tallers per a adults (matins): Tallers d&#8217;alfabetitizació digital Tallers de navegació per internet Tallers per a infants i joves (tardes): Taller d&#8217;edició gràfica variada Taller d&#8217;edició i gestió musical Programem amb Scratch Dimecres Culturals: Espai de trobada d&#8217;un grup de veïnes que fan sortides mensuals. [&hellip;]</p>
