{"id":2,"date":"2009-12-10T17:56:30","date_gmt":"2009-12-10T15:56:30","guid":{"rendered":""},"modified":"2009-12-11T14:15:53","modified_gmt":"2009-12-11T12:15:53","slug":"omni","status":"publish","type":"page","link":"https:\/\/bloc.xarxa-omnia.org\/viquipedia\/","title":{"rendered":"\u00d2mnia a la Viquip\u00e8dia"},"content":{"rendered":"<p>Heu consultat l&#8217;article sobre \u00d2mnia a la Viquip\u00e8dia?<\/p>\n<h3><a href=\"http:\/\/ca.wikipedia.org\/wiki\/%C3%92mnia\">http:\/\/ca.wikipedia.org\/wiki\/\u00f2mnia<\/a><\/h3>\n<p>Qu\u00e8 us sembla?<\/p>\n<p>La podr\u00edem completar entre tots i totes! Com?<\/p>\n<ul>\n<li>Actualitzant-lo amb cronologia del projecte<\/li>\n<li>Enriquint la informaci\u00f3<\/li>\n<li>Millorant l&#8217;estil<\/li>\n<li>Pujant-hi fotos i altres multim\u00e8dia<\/li>\n<li>Afegint-hi enlla\u00e7os<\/li>\n<\/ul>\n<p>Nom\u00e9s cal registrar-se i editar la p\u00e0gina!<\/p>\n<p>Segueix les p\u00e0gines d&#8217;aquest bloc que et donaran algunes pistes de com fer-ho!!<\/p>\n<p>Tamb\u00e9 pots consultar aquest multim\u00e8dia:<\/p>\n<div id=\"__ss_2689087\" style=\"width: 425px;text-align: left\"><a title=\"Pinzellades sobre la Viquip\u00e8dia\" href=\"http:\/\/www.slideshare.net\/omnia\/pinzellades-sobre-la-viquipdia\">Pinzellades sobre la Viquip\u00e8dia<\/a><\/p>\n<div style=\"font-size: 11px;font-family: tahoma,arial;height: 26px;padding-top: 2px\">View more <a href=\"http:\/\/www.slideshare.net\/\">presentations<\/a> from <a href=\"http:\/\/www.slideshare.net\/omnia\">omnia<\/a>.<\/div>\n<\/div>\n","protected":false},"excerpt":{"rendered":"<p>Heu consultat l&#8217;article sobre \u00d2mnia a la Viquip\u00e8dia? http:\/\/ca.wikipedia.org\/wiki\/\u00f2mnia Qu\u00e8 us sembla? La podr\u00edem completar entre tots i totes! Com? Actualitzant-lo amb cronologia del projecte Enriquint la informaci\u00f3 Millorant l&#8217;estil Pujant-hi fotos i altres multim\u00e8dia Afegint-hi enlla\u00e7os Nom\u00e9s cal registrar-se i editar la p\u00e0gina! Segueix les p\u00e0gines d&#8217;aquest bloc que et donaran algunes pistes de [&hellip;]<\/p>\n","protected":false},"author":61,"featured_media":0,"parent":0,"menu_order":1,"comment_status":"open","ping_status":"open","template":"","meta":{"footnotes":""},"class_list":["post-2","page","type-page","status-publish","hentry"],"_links":{"self":[{"href":"https:\/\/bloc.xarxa-omnia.org\/viquipedia\/wp-json\/wp\/v2\/pages\/2","targetHints":{"allow":["GET"]}}],"collection":[{"href":"https:\/\/bloc.xarxa-omnia.org\/viquipedia\/wp-json\/wp\/v2\/pages"}],"about":[{"href":"https:\/\/bloc.xarxa-omnia.org\/viquipedia\/wp-json\/wp\/v2\/types\/page"}],"author":[{"embeddable":true,"href":"https:\/\/bloc.xarxa-omnia.org\/viquipedia\/wp-json\/wp\/v2\/users\/61"}],"replies":[{"embeddable":true,"href":"https:\/\/bloc.xarxa-omnia.org\/viquipedia\/wp-json\/wp\/v2\/comments?post=2"}],"version-history":[{"count":19,"href":"https:\/\/bloc.xarxa-omnia.org\/viquipedia\/wp-json\/wp\/v2\/pages\/2\/revisions"}],"predecessor-version":[{"id":3,"href":"https:\/\/bloc.xarxa-omnia.org\/viquipedia\/wp-json\/wp\/v2\/pages\/2\/revisions\/3"}],"wp:attachment":[{"href":"https:\/\/bloc.xarxa-omnia.org\/viquipedia\/wp-json\/wp\/v2\/media?parent=2"}],"curies":[{"name":"wp","href":"https:\/\/api.w.org\/{rel}","templated":true}]}}